*r + 3*y - 281676, -3*r + 96122 + 44768 = -5*y. List the prime factors of r.
2, 3, 5, 313
Let b be (-84)/(-6)*965/10. What are the prime factors of 1*b - (-78 + 71)?
2, 7, 97
Let j = 71 - 34. Let b(h) = 2*h**2 + 292*h - j - h**2 - 303*h. What are the prime factors of b(22)?
5, 41
Suppose 3*i = -0*i + 18. Suppose -9*z = -i*z - 12. Suppose -k = -2*m + 3*k + 256, -k = z*m - 557. What are the prime factors of m?
2, 3, 23
Let o = 530 - 900. Let k = o + 847. List the prime factors of k.
3, 53
Let m(z) = -14*z + 49. Let w(t) = -t. Let a(i) = -m(i) + 4*w(i). Let c be a(11). Suppose 44 = 5*u - c. What are the prime factors of u?
3, 7
Let w = -76469 + 124794. List the prime factors of w.
5, 1933
Let w = 4617 - 2252. What are the prime factors of w?
5, 11, 43
Let p = 4544 - 856. What are the prime factors of p?
2, 461
Suppose 0 = 12*v - v + 55. List the prime factors of v + 10 + (-668)/(-2).
3, 113
Let u(m) = -m**3 - 5*m**2 + 4*m - 4. Let p be u(2). Let o = p - -238. List the prime factors of o.
2, 107
Let n = 15248 - 7282. List the prime factors of n.
2, 7, 569
Let n(r) = 1704*r + 354. List the prime factors of n(4).
2, 3, 5, 239
Suppose -7*m = -6*m - 14. Let p(g) = -8*g**2 + 3*g + 19. Let z(a) = 3*a**2 - a - 6. Let y(t) = m*z(t) + 4*p(t). List the prime factors of y(4).
2, 3
Let a = 139 + -134. Suppose 4*n - a*j = 275, -10*n + 5*j = -5*n - 340. What are the prime factors of n?
5, 13
Suppose -2*b + i = -93468, -90916 = -3*b - 4*i + 49275. What are the prime factors of b?
17, 2749
Let i = -22 + 27. Suppose 207 = 3*y + w, -i*w = y - 0*y - 69. Let m = y + -26. What are the prime factors of m?
43
Suppose -45*c + 145657 = 19211 - 237379. List the prime factors of c.
3, 5, 7, 11
Let s = -191 + 963. Suppose v + 179 = s. List the prime factors of v.
593
Let v = -191 - -201. Suppose v*i - 45*i + 36855 = 0. What are the prime factors of i?
3, 13
Suppose 19*i = 9 + 10. What are the prime factors of (-3 + i)/((65/900)/(-13))?
2, 3, 5
Suppose 116 - 116 = -5*d, 4*i = 5*d + 86640. What are the prime factors of i?
2, 3, 5, 19
Let g = -439 - -456. Suppose 16*n + 294 = g*n. List the prime factors of n.
2, 3, 7
Suppose 3*k - 5*f - 187743 = 0, -f + 118160 = 3*k - 69565. What are the prime factors of k?
2, 3911
Let h = 2647 + -1272. Let m = h + -676. What are the prime factors of m?
3, 233
Let o = 63398 - 31121. What are the prime factors of o?
3, 7, 29, 53
Let t = 573 - 925. Let k = t + 548. List the prime factors of k.
2, 7
Suppose 4*w + 96 = 3*g, 5*w - 160 = -5*g + 4*w. Suppose g*v - 36*v = -460. What are the prime factors of v?
5, 23
Let v(g) = -2198*g - 80. What are the prime factors of v(-3)?
2, 3257
Let k be 54/(-8) + 1*(-3)/(-4). Let y = k + 78. Suppose 2*c + y = 2*q, 3*q + 2*c = 4*c + 108. List the prime factors of q.
2, 3
Let c(p) = -p + 27. Suppose -5*z = -38 - 22. Let u be c(z). What are the prime factors of (1 + -202)*(-5)/u?
67
Suppose -n = 3*u - 0*n - 803, 0 = 4*u + n - 1070. Suppose -2*y = -621 - u. List the prime factors of y.
2, 3, 37
Let y be (-14 - (-104)/13)/(2/(-3)). Let g(v) = 11*v**2 + 20*v - 84. What are the prime factors of g(y)?
3, 7, 47
Let k = -6164 - -19971. List the prime factors of k.
13807
Let o(m) = -11*m + 98 - m**2 - 204 + 99. Let x be o(-10). Let v(a) = -a**3 + 5*a**2 + a - 10. List the prime factors of v(x).
11
Let i be (-5 + 0)/(17/(-1309)). What are the prime factors of i + (1 - 3)*-1?
3, 43
Suppose 3*w - 32360 = 5*b - 134156, -7*w + 61016 = 3*b. What are the prime factors of b?
3, 5, 23, 59
Let z = 34111 - 15476. What are the prime factors of z?
5, 3727
Suppose -3*b = -4*f - 43826, 21*f + 73053 = 5*b + 24*f. Suppose 0 = 94*a - 84*a - b. List the prime factors of a.
3, 487
Suppose -3*h = z - 20880, z + 2*z - 62640 = -4*h. Suppose -21*p - z = -36*p. What are the prime factors of p?
2, 3, 29
Suppose 0 = 3*w - 5*o - 2, 2*w - 4*o + 0*o = 2. List the prime factors of 2 - -963 - 3/w.
2, 11
Let u(r) = -26*r**2 - 18*r - 26. Let v(a) = 9*a**2 + 6*a + 9. Let q(i) = -5*u(i) - 14*v(i). Let l(f) = 2*f + 1. Let m be l(2). List the prime factors of q(m).
2, 67
Let m = -129 - -203. Let q = m + -45. List the prime factors of q.
29
Let x(d) = d - 24. Let a be x(0). Let g = a - -7. Let y = g + 86. What are the prime factors of y?
3, 23
Let j(l) = 50*l**2 + 21*l + 83. Let b be j(-5). Suppose 2*i - 2496 = -4*q + 2*q, -i - 5*q = -b. What are the prime factors of i?
7, 179
Let g(r) = 3*r + 5. Let q be g(-5). Let x be q/15*(-1443)/(-2). Let v = x + 687. What are the prime factors of v?
2, 103
Suppose 9*f - 29154 = 12921. List the prime factors of f.
5, 11, 17
What are the prime factors of 148589/7 + (-9)/((-18)/(-16))?
3, 11, 643
Let t(z) be the first derivative of 54*z**2 + 231*z + 193. What are the prime factors of t(12)?
3, 509
Suppose 2*g + 3168 = 2*j, -5*j + 2*g + 7005 = -903. Let t = -938 + j. What are the prime factors of t?
2, 3, 107
List the prime factors of -5 + 8 + (2778 - (-4 + 7)).
2, 3, 463
Suppose -22*k + 20*k = 4*b - 21606, 5*k = -2*b + 10791. List the prime factors of b.
3, 1801
Suppose 0*q - 3*q - 3 = 3*b, 0 = b + 2*q - 1. Let f be -3 - b - -4 - -326. Suppose 4*k - 9*k = -f. List the prime factors of k.
2, 3, 11
Suppose -72 = -10*g + g. Let t(r) = -3*r + g*r + 4*r - 26. What are the prime factors of t(6)?
2, 7
Let u be ((-1235)/(-25) + -3)*(-10)/(-2). Let k = u - -156. List the prime factors of k.
2, 97
Let a(b) = 440*b**2 - 82*b + 25. List the prime factors of a(-5).
5, 2287
Suppose -84 = -17*j + 18. Let g(k) = 16*k**2 + 52*k - 15. What are the prime factors of g(j)?
3, 97
List the prime factors of (-843)/(6220/(-365) - -17).
73, 281
Suppose -3*p + 7 = m, 5*m = 2*p - 13 - 3. Let l(h) = 2*h + 1. Let i be l(m). Let c(g) = -4*g**3 - 4*g**2 + g + 7. What are the prime factors of c(i)?
2, 19
Let u be ((7/(-2))/(2/(-360)))/1. Let p = -385 - u. What are the prime factors of (-2)/(20/6) - p/25?
2, 5
Suppose -3790*m + 3780*m + 460610 = 0. List the prime factors of m.
46061
Let t(h) = 230*h**2 + 12*h + 6. What are the prime factors of t(-2)?
2, 11, 41
Let l(v) = v + 69. Suppose 82 - 177 = -5*k. Let x be l(k). Suppose -7*g - x = -18*g. What are the prime factors of g?
2
Let g = 605 - 553. What are the prime factors of (g/78)/((-2)/(-933))?
311
Suppose 12*g - 8*g = 120. What are the prime factors of g/40 - (-9172)/16?
2, 7, 41
Let b = -20 - -64. Let a = -23 + b. Let k = 22 + a. List the prime factors of k.
43
Let h(z) = 2*z**2 - 24*z - 90. Let u be h(15). Suppose 24*i - 9*i - 18885 = u. List the prime factors of i.
1259
Suppose 0 = -3*c - 2*r + 9347, -10*r + 13*r - 3125 = -c. List the prime factors of c.
11, 283
Let t(d) = 6*d**2 - 21*d + 40. List the prime factors of t(-20).
2, 5, 11, 13
Let s(q) = q**2 - 47*q - 114. List the prime factors of s(-46).
2, 3, 347
Suppose -160186 = -17*h + 65506 - 6936. What are the prime factors of h?
2, 3217
List the prime factors of 30/(-55) - 22396388/(-308).
5, 14543
Let y = 52499 - 27988. What are the prime factors of y?
127, 193
Suppose -s + 272253 = 5*o, -2*o + 4*s + 108894 = 8*s. List the prime factors of o.
17, 3203
Let j(x) = x**3 - 5*x**2 + 6*x - 5. Suppose 3*a = 0, -5*u + u = 4*a - 36. Suppose 0 = -4*d + 11 + u. List the prime factors of j(d).
5
Let q = 952 - 173. What are the prime factors of q/2*(3 - -1)?
2, 19, 41
What are the prime factors of (-2)/(-5) - (36126/72)/(5/(-116))?
7, 1663
Let k(q) = 814*q**3 - 11*q**2 - 23*q + 87. What are the prime factors of k(3)?
3, 811
Let f = 105 + -102. Suppose f*u = 5*b + 1168, -b = 8*u - 11*u + 1148. What are the prime factors of u?
3, 127
Let i(v) be the first derivative of 3*v**4/2 + 5*v**3/3 - 7*v**2/2 - 18*v + 178. What are the prime factors of i(6)?
2, 3, 59
Let o = 211 - 207. Let c(m) = 16*m**3 - 4*m**2 + 27*m - 69. List the prime factors of c(o).
3, 37
Let o = 80 + -61. Suppose -o*f - 120 = -21*f. Suppose -9*t + 978 = f. What are the prime factors of t?
2, 3, 17
Let o(r) = 48156*r - 392. List the prime factors of o(1).
2, 11941
Let q = 1118 - 638. Suppose -13*m + 8*m = q. Let y = -28 - m. What are the prime factors of y?
2, 17
Let c be (0 + -4)*5/(-10). What are the prime factors of 38*(-7)/(-18) + c/9?
3, 5
Let o be 1 - (129/(-9) - (-3)/9). Let w = o + -15. Suppose 5*n + 5 = 0, w*z - 3*n + 397 = 4*z. What are the prime factors of z?
2, 5
Let g(o) = -120*